{"id":170,"date":"2020-01-23T07:18:18","date_gmt":"2020-01-23T07:18:18","guid":{"rendered":"http:\/\/polak.rec15002.webspace.spengergasse.at\/?page_id=170"},"modified":"2021-01-13T14:12:24","modified_gmt":"2021-01-13T14:12:24","slug":"motorsaegen","status":"publish","type":"page","link":"https:\/\/fpolak.at\/?page_id=170","title":{"rendered":"Motors\u00e4gen"},"content":{"rendered":"\n<h2 class=\"has-text-align-center\">Wir verkaufen Motors\u00e4gen von<\/h2>\n\n\n\n<p class=\"has-text-align-center\">Wenn sie auf das jeweilige Firmen-Logo klicken, gelangen sie direkt auf die Produktseite \u00fcber Motors\u00e4gen der ausgew\u00e4hlten Firma.<\/p>\n\n\n\n<hr class=\"wp-block-separator\"\/>\n\n\n\n<div class=\"wp-container-3 wp-block-columns are-vertically-aligned-center\">\n<div class=\"wp-container-1 wp-block-column is-vertically-aligned-center\">\n<div class=\"wp-block-image\"><figure class=\"aligncenter size-large is-resized\"><a href=\"https:\/\/alko-garden.de\/gartengeraete\/baum-und-heckenpflege\/kettensaegen\/\"><img loading=\"lazy\" src=\"https:\/\/fpolak.at\/fpolak.at\/wp-content\/uploads\/alk_logo_2018.png\" alt=\"\" class=\"wp-image-485\" width=\"250\" height=\"102\" srcset=\"https:\/\/fpolak.at\/fpolak.at\/wp-content\/uploads\/alk_logo_2018.png 500w, https:\/\/fpolak.at\/fpolak.at\/wp-content\/uploads\/alk_logo_2018-300x122.png 300w\" sizes=\"(max-width: 250px) 100vw, 250px\" \/><\/a><\/figure><\/div>\n<\/div>\n\n\n\n<div class=\"wp-container-2 wp-block-column is-vertically-aligned-center\">\n<div class=\"wp-block-image\"><figure class=\"aligncenter size-large is-resized\"><a href=\"https:\/\/www.husqvarna.com\/at\/produkte\/motorsagen\/\"><img loading=\"lazy\" src=\"https:\/\/fpolak.at\/fpolak.at\/wp-content\/uploads\/Husqvarna-Logo-585x329-1.png\" alt=\"\" class=\"wp-image-487\" width=\"293\" height=\"165\" srcset=\"https:\/\/fpolak.at\/fpolak.at\/wp-content\/uploads\/Husqvarna-Logo-585x329-1.png 585w, https:\/\/fpolak.at\/fpolak.at\/wp-content\/uploads\/Husqvarna-Logo-585x329-1-300x169.png 300w\" sizes=\"(max-width: 293px) 100vw, 293px\" \/><\/a><\/figure><\/div>\n<\/div>\n<\/div>\n","protected":false},"excerpt":{"rendered":"<p>Wir verkaufen Motors\u00e4gen von Wenn sie auf das jeweilige Firmen-Logo klicken, gelangen sie direkt auf die Produktseite \u00fcber Motors\u00e4gen der ausgew\u00e4hlten Firma.<\/p>\n","protected":false},"author":1,"featured_media":0,"parent":0,"menu_order":0,"comment_status":"closed","ping_status":"closed","template":"","meta":{"neve_meta_sidebar":"full-width","neve_meta_container":"","neve_meta_enable_content_width":"on","neve_meta_content_width":100,"neve_meta_title_alignment":"","neve_meta_author_avatar":"","neve_post_elements_order":"","neve_meta_disable_header":"","neve_meta_disable_footer":"","neve_meta_disable_title":"","_ti_tpc_template_sync":false,"_ti_tpc_template_id":""},"_links":{"self":[{"href":"https:\/\/fpolak.at\/index.php?rest_route=\/wp\/v2\/pages\/170"}],"collection":[{"href":"https:\/\/fpolak.at\/index.php?rest_route=\/wp\/v2\/pages"}],"about":[{"href":"https:\/\/fpolak.at\/index.php?rest_route=\/wp\/v2\/types\/page"}],"author":[{"embeddable":true,"href":"https:\/\/fpolak.at\/index.php?rest_route=\/wp\/v2\/users\/1"}],"replies":[{"embeddable":true,"href":"https:\/\/fpolak.at\/index.php?rest_route=%2Fwp%2Fv2%2Fcomments&post=170"}],"version-history":[{"count":6,"href":"https:\/\/fpolak.at\/index.php?rest_route=\/wp\/v2\/pages\/170\/revisions"}],"predecessor-version":[{"id":515,"href":"https:\/\/fpolak.at\/index.php?rest_route=\/wp\/v2\/pages\/170\/revisions\/515"}],"wp:attachment":[{"href":"https:\/\/fpolak.at\/index.php?rest_route=%2Fwp%2Fv2%2Fmedia&parent=170"}],"curies":[{"name":"wp","href":"https:\/\/api.w.org\/{rel}","templated":true}]}}